)/(-12)). Suppose 3*r - 3*j - 37 = 50, i*j + 139 = 5*r. Calculate the remainder when 2740/55 - 6/(-33) is divided by r.
23
Let o = 544423 - 544398. Suppose 5*u = 3*u + 246. What is the remainder when u is divided by o?
23
Suppose -z = -5*j + 14, 0 = -4*z + 39*j - 40*j - 14. What is the remainder when 234 is divided by (-314)/z + ((-5)/(-10) - 0)?
76
Suppose 5*n - 3 = 4*q + 2*n, 4*q + 2*n = 2. Suppose -2 = v - q, 2*z = v + 36. Suppose -z*s + 13*s = -36. What is the remainder when s is divided by 2?
1
Suppose -164 = 7*o - 3*o. What is the remainder when 119 is divided by (-4)/8 + (-1)/(-2) - o?
37
Let y = -49 + 78. Let u be 13/(-8 - 1650/(-206)). Suppose -20*o = -u - 2081. Calculate the remainder when o is divided by y.
26
Let t(v) = 5*v + 20 - 13*v**2 - 14 + 12*v**2. Let x be t(6). Calculate the remainder when 11 is divided by (8/1 - x) + -2.
5
Suppose -5*n - 16 = -4*d - 433, 5*d + 160 = 2*n. Let c(g) = -3 + 1 + 5*g**2 - 6*g + 4*g + 0. Calculate the remainder when n is divided by c(-2).
19
Let q = 77 - 97. Let p(h) = -8*h - 120. Calculate the remainder when p(q) is divided by 16.
8
Suppose -2*r + 20 = 3*c, -8*c + 4*r = -3*c - 4. Suppose -2*j - c*m = -64, 6*m = 3*j + 2*m - 86. Calculate the remainder when 235 is divided by j.
25
Suppose -4*p - 76 = 5*l, -4*l - 60 + 20 = -2*p. Calculate the remainder when (l + 5 - -4)/(15/(-460)) is divided by 9.
2
Let o = 1422 - 1181. Calculate the remainder when o is divided by 38.
13
Calculate the remainder when 337603/70 + -6*(-4)/240 is divided by 127.
124
Let w(b) = -b**3 - 82*b**2 + 92*b + 908. Let n(f) = f + 81. Calculate the remainder when w(-83) is divided by n(0).
80
Let n = 142 + -84. What is the remainder when (n - -1 - -7) + 7 is divided by 23?
4
Calculate the remainder when 14 + (986 - (-7 + 4)) is divided by 67.
65
Let z be 14/((-6)/4*(-4)/6). Let m be (z/8)/((-5)/20). What is the remainder when 28 is divided by 430/35 + -2 - (-2)/m?
8
Suppose 0 = h + 3*l - 116, -3*l + 45 - 30 = 0. What is the remainder when h is divided by 38?
25
Let g be (-9)/(-63) - (-26)/14. Suppose x - g*x + 67 = 0. Calculate the remainder when x is divided by 17.
16
Suppose 2*v - 5*g - 26754 = 0, -v + 7*g = 3*g - 13365. Calculate the remainder when v is divided by 58.
57
Let q = 10647 - 9532. Calculate the remainder when q is divided by 75.
65
Let z = 1676 - 1591. Suppose 6*f - 32 = 3*f + q, -q + 28 = 3*f. What is the remainder when z is divided by f?
5
Let c = 1983 - 1368. Calculate the remainder when c is divided by 4.
3
Suppose -96 = -q - q. Let r = 69 - 62. Suppose -r*x = -1076 + 89. What is the remainder when x is divided by q?
45
Let p be 139 + 0 + (-7 - 32/(-4)). Let z = -111 + p. Let q = 188 + -103. Calculate the remainder when q is divided by z.
27
Let p = 137 + -134. Suppose -15 = 5*a, y + 4*y - 121 = -p*a. Calculate the remainder when 49 is divided by y.
23
Let h(r) = -r**2. Let b(j) = j**3 - 10*j**2 - 17*j + 2. Let c(o) = -b(o) + 4*h(o). Calculate the remainder when 35 is divided by c(8).
5
Suppose -6*q + 24 = 18. What is the remainder when 567 is divided by q/((-15)/9) + (-306)/(-10)?
27
Suppose 0 = 8*t + 11*t - 2698. Suppose 17 = -5*k - 5*x + t, 4*k - x - 75 = 0. What is the remainder when 89 is divided by k?
9
Suppose 5*j = -5*i + 8*i + 41, 3*j - 31 = 5*i. Suppose 3*u = -2*a + 44, 3*a + 8*u - 73 = j*u. What is the remainder when 130 is divided by a?
5
Suppose 180*x - 198*x + 11772 = 0. What is the remainder when x is divided by 21?
3
Let s(v) = 2*v**2 + 27*v - 205. What is the remainder when s(-29) is divided by 85?
14
Let y = -336 - -430. Let a = 88 + y. What is the remainder when a is divided by 37?
34
Let c(g) = -13*g + 188. Let x = -528 - -532. What is the remainder when c(x) is divided by 23?
21
Suppose -29408 - 47552 = -464*z + 438*z. What is the remainder when z is divided by 247?
243
Let l(d) = -4*d. Let w be l(4). Let n = 21 + w. Suppose 4*k = 8*k + 16, j - 3*k = 26. Calculate the remainder when j is divided by n.
4
Suppose -21*z + 36 = -15*z. Suppose z*x = -4*x + 70. Calculate the remainder when x is divided by (-3)/(1/2*(-21)/14).
3
Let d = 17 - 14. Suppose 4*l - 4 - 6 = d*t, -4*t + 8 = 0. Let u = 14 - l. Calculate the remainder when u is divided by 7.
3
Suppose p + 2*c + 80 = 113, -4*c + 23 = p. Calculate the remainder when 791 is divided by p.
17
Let t = -33 - -10. Let p = 35 + t. Let q = -47 + 80. Calculate the remainder when q is divided by p.
9
Let m(k) = -84*k + 1. Let d = 2922 + -2672. Calculate the remainder when d is divided by m(-1).
80
Let i(m) = -m**2 + 10*m + 20. Let l be i(6). Suppose -l*n = -43*n - 96. Calculate the remainder when n is divided by 51.
45
Suppose 484*o = 1557*o - 17168. Calculate the remainder when 134/(-4)*(-2 + 0) is divided by o.
3
Let t(i) = i**3 + 12*i**2 - 32*i - 40. What is the remainder when 66 is divided by t(-14)?
2
Let r be 13 - 12 - (1038 - 3). Let v = -1004 - r. Suppose -4*h + h + 351 = 0. Calculate the remainder when h is divided by v.
27
Suppose 10 - 54 = 14*d - 618. Calculate the remainder when 14390 is divided by d.
40
Let g(l) = -l**3 + 8*l**2 - 4*l + 32. Let d be g(8). Let n be 6/(-6) - (-5)/1. Suppose d = n*z - 5*z + 13. Calculate the remainder when 50 is divided by z.
11
Suppose -2*f + 16 = 3*c, 0*f = 2*c - 2*f - 24. Suppose 0 = j - c*j + 28. Suppose -7 = -j*l - 3. Calculate the remainder when 5 is divided by l.
0
Suppose 20 = m + 13. Suppose -85 = -m*a + 41. What is the remainder when (-1)/((-1)/67) + 2 is divided by a?
15
Suppose 931*y - 961*y = -15690. What is the remainder when y is divided by 32?
11
Let q = 126 + -50. Suppose -h + q - 29 = 0. Calculate the remainder when 185 is divided by h.
44
Suppose 107*v - 60*v + 2832 = 55*v. What is the remainder when v is divided by 5?
4
Let p(y) = 26*y**3 + y**2 + 2*y - 4. Suppose 4 = -3*i - i. What is the remainder when (4 + i)/(9/222) is divided by p(1)?
24
Let v be (-2 + 1)*(-2)/(-6)*6. What is the remainder when 73 is divided by (-9*(-3)/(-6))/(v/12)?
19
Suppose 0 = 5*f - 5*a - 440, 2*f - 5*a = 42 + 119. Let b(w) = 181*w - 2888. Calculate the remainder when f is divided by b(16).
5
Suppose -3*z + 150 = 3*c, 0 = 4*c + z - 64 - 121. Calculate the remainder when c is divided by (-10)/(3 - 92/24).
9
Let l(h) = 4*h**2 - 56*h + 10. Let j be l(14). Suppose 506 - 976 = -j*f. Calculate the remainder when 126 is divided by f.
32
Let r = 68 - 65. Let s(f) = -2*f**2 - 12*f. Let a(i) = -i**2 - 12*i. Let h(x) = r*a(x) - 2*s(x). What is the remainder when h(-5) is divided by 22?
19
Suppose d - 5*m = 154, -62*d = -58*d - 4*m - 552. Calculate the remainder when d is divided by 40.
14
Let l(b) = -3*b**2 + 47*b - 4. Let m be l(11). Suppose -4*r + 226 + m = 5*i, 2*r + 5*i = 198. What is the remainder when r is divided by 18?
17
Let c = 3397 + -3380. Calculate the remainder when 419 is divided by c.
11
Let j = 11536 - 11483. What is the remainder when 183 is divided by j?
24
Let p = 8 + -6. Suppose p*v + 106 = 4*v. Suppose -36*m - 68*m = -200*m + 63*m + 594. What is the remainder when v is divided by m?
17
Let z = 487 + -711. Let b = 391 + z. What is the remainder when b is divided by 34?
31
Let y(w) = -6*w**2 - 19*w - 21. Let a(j) = 7*j**2 + 20*j + 21. Let h(r) = -5*a(r) - 6*y(r). What is the remainder when 44 is divided by h(-13)?
4
Suppose -3*p - 138 = -9*p. Suppose 5*d - 5*o - 80 = 0, -5*d - o - p + 91 = 0. Calculate the remainder when d is divided by 4.
2
Let c = 30 + -3. Let a = -37 + 12. Let g = 40 + a. Calculate the remainder when c is divided by g.
12
Let u = -143 + 145. Suppose 4*r - 23 + 7 = 0, i + 4*r - 20 = 0. Calculate the remainder when 68*5/(-10)*(-1)/u is divided by i.
1
Suppose 0 = -96*l + 104*l - 2088. Let j = l - 199. Calculate the remainder when 120 is divided by j.
58
Suppose 2*k = 2*s - 50 + 316, -5*k + s + 681 = 0. Calculate the remainder when 7397 is divided by k.
136
Let h = 11217 + -10766. What is the remainder when h is divided by 219?
13
Suppose 5*v + 336 = 8*v. Let r be -3 + 0 + v/16. Suppose 0 = 5*h + z - 271, -r*h - 5*z = -181 - 19. What is the remainder when h is divided by 15?
10
Suppose 2777 - 13172 = -15*m. Calculate the remainder when 2102 is divided by m.
23
What is the remainder when 3707 is divided by ((-4)/3)/(308/(-2079))?
8
Suppose -483 = -s + 7*w - 9*w, -2*s - 5*w = -961. 